{"id":8,"date":"2019-01-18T12:07:58","date_gmt":"2019-01-18T11:07:58","guid":{"rendered":"http:\/\/lesparqueteurs.fr\/?page_id=8"},"modified":"2024-05-04T11:24:13","modified_gmt":"2024-05-04T09:24:13","slug":"accueil","status":"publish","type":"page","link":"https:\/\/lesparqueteurs.net\/?page_id=8","title":{"rendered":"Pose de parquet Int\u00e9rieur\/Ext\u00e9rieur"},"content":{"rendered":"<div class=\"wpb-content-wrapper\"><p>[vc_row][vc_column][vc_column_text]<\/p>\n<div class=\"style-313 style-local-8-c1 position-relative\" data-colibri-id=\"8-c1\">\n<div id=\"portfolio\" class=\"h-section h-section-global-spacing d-flex align-items-lg-center align-items-md-center align-items-center style-318 style-local-8-c2 position-relative\" data-colibri-component=\"section\" data-colibri-id=\"8-c2\">\n<div class=\"h-section-grid-container h-section-boxed-container\">\n<div class=\"h-row-container gutters-row-lg-2 gutters-row-md-2 gutters-row-2 gutters-row-v-lg-2 gutters-row-v-md-2 gutters-row-v-2 style-341 style-local-8-c16 position-relative\" data-colibri-id=\"8-c16\">\n<div class=\"h-row justify-content-lg-center justify-content-md-center justify-content-center align-items-lg-stretch align-items-md-stretch align-items-stretch gutters-col-lg-2 gutters-col-md-2 gutters-col-2 gutters-col-v-lg-2 gutters-col-v-md-2 gutters-col-v-2\">\n<div class=\"h-column h-column-container d-flex h-col-lg-auto h-col-md-auto h-col-auto style-342-outer style-local-8-c17-outer\">\n<div class=\"d-flex h-flex-basis h-column__inner h-px-lg-2 h-px-md-2 h-px-2 v-inner-lg-2 v-inner-md-2 v-inner-2 style-342 style-local-8-c17 position-relative\" data-colibri-id=\"8-c17\">\n<div class=\"w-100 h-y-container h-column__content h-column__v-align flex-basis-100 align-self-lg-start align-self-md-start align-self-start\">\n<div class=\"h-global-transition-all h-heading style-343 style-local-8-c18 position-relative h-element\" data-colibri-id=\"8-c18\">\n<div class=\"h-heading__outer style-343 style-local-8-c18\">\n<h2 class=\"\" style=\"text-align: center;\">Pose de parquet<\/h2>\n<p style=\"text-align: center;\">Int\u00e9rieur &amp; Ext\u00e9rieur<\/p>\n<\/div>\n<\/div>\n<div class=\"h-lead h-text h-text-component style-344 style-local-8-c19 position-relative h-element\" data-colibri-id=\"8-c19\">\n<div class=\"\">\n<p>Chez Les Parqueteurs, nous ma\u00eetrisons l&rsquo;art de sublimer vos espaces de vie gr\u00e2ce \u00e0 notre expertise en pose de parquet, tant pour les int\u00e9rieurs raffin\u00e9s que pour les ext\u00e9rieurs \u00e9l\u00e9gants. Notre savoir-faire nous permet de vous offrir<br \/>\ndes solutions sur mesure, adapt\u00e9es \u00e0 chaque ambiance et \u00e0 chaque besoin.<\/p>\n<p style=\"text-align: center;\"><strong style=\"font-weight: 600; color: var(--tw-prose-bold);\">Int\u00e9rieur :<\/strong><\/p>\n<p>Notre \u00e9quipe d&rsquo;experts transforme vos pi\u00e8ces en espaces chaleureux et accueillants, avec des parquets int\u00e9rieurs de haute qualit\u00e9 qui allient esth\u00e9tique et durabilit\u00e9. Que vous optiez pour un style classique ou moderne, nous veillons<br \/>\n\u00e0 ce que chaque installation refl\u00e8te votre personnalit\u00e9 et am\u00e9liore le confort de votre habitat.<\/p>\n<p style=\"text-align: center;\"><strong style=\"font-weight: 600; color: var(--tw-prose-bold);\">Ext\u00e9rieur :<\/strong><\/p>\n<p>Nous \u00e9tendons notre passion du bois aux terrasses, jardins et autres espaces ext\u00e9rieurs. Nos parquets ext\u00e9rieurs sont con\u00e7us pour r\u00e9sister aux variations climatiques tout en apportant une touche d&rsquo;\u00e9l\u00e9gance naturelle \u00e0 votre environnement<br \/>\next\u00e9rieur. Laissez-nous cr\u00e9er pour vous un espace ext\u00e9rieur invitant et styl\u00e9, parfait pour vos moments de d\u00e9tente et de convivialit\u00e9.<\/p>\n<p style=\"text-align: center;\"><strong style=\"font-weight: 600; color: var(--tw-prose-bold);\">Nos R\u00e9alisations :<\/strong><\/p>\n<p>Chaque projet est une nouvelle aventure et un d\u00e9fi que nous sommes fiers de relever. D\u00e9couvrez quelques-unes r\u00e9alisations de nos phares, t\u00e9moignant de notre engagement \u00e0 offrir excellence et satisfaction \u00e0 nos clients.<\/p>\n<\/div>\n<\/div>\n<\/div>\n<\/div>\n<\/div>\n<\/div>\n<\/div>\n<\/div>\n<\/div>\n<\/div>\n<p>[\/vc_column_text][vc_gallery interval=\u00a0\u00bb3&Prime; images=\u00a0\u00bb8933,8928,8921,8913,8917,8902,8883,8881&Prime; img_size=\u00a0\u00bbmedium\u00a0\u00bb title=\u00a0\u00bbParquet int\u00e9rieur &amp; ext\u00e9rieur\u00a0\u00bb css=\u00a0\u00bb.vc_custom_1714814428195{margin-top: 50px !important;margin-right: 50px !important;margin-bottom: 50px !important;margin-left: 50px !important;}\u00a0\u00bb][\/vc_column][\/vc_row]<\/p>\n<\/div>","protected":false},"excerpt":{"rendered":"<p>[vc_row][vc_column][vc_column_text] Pose de parquet Int\u00e9rieur &amp; Ext\u00e9rieur Chez Les Parqueteurs, nous ma\u00eetrisons l&rsquo;art de sublimer vos espaces de vie gr\u00e2ce \u00e0 notre expertise en pose de parquet, tant pour les int\u00e9rieurs raffin\u00e9s que pour les ext\u00e9rieurs \u00e9l\u00e9gants. Notre savoir-faire nous permet de vous offrir des&#8230;<\/p>\n","protected":false},"author":2,"featured_media":0,"parent":0,"menu_order":0,"comment_status":"closed","ping_status":"closed","template":"","meta":{"footnotes":""},"_links":{"self":[{"href":"https:\/\/lesparqueteurs.net\/index.php?rest_route=\/wp\/v2\/pages\/8"}],"collection":[{"href":"https:\/\/lesparqueteurs.net\/index.php?rest_route=\/wp\/v2\/pages"}],"about":[{"href":"https:\/\/lesparqueteurs.net\/index.php?rest_route=\/wp\/v2\/types\/page"}],"author":[{"embeddable":true,"href":"https:\/\/lesparqueteurs.net\/index.php?rest_route=\/wp\/v2\/users\/2"}],"replies":[{"embeddable":true,"href":"https:\/\/lesparqueteurs.net\/index.php?rest_route=%2Fwp%2Fv2%2Fcomments&post=8"}],"version-history":[{"count":22,"href":"https:\/\/lesparqueteurs.net\/index.php?rest_route=\/wp\/v2\/pages\/8\/revisions"}],"predecessor-version":[{"id":9001,"href":"https:\/\/lesparqueteurs.net\/index.php?rest_route=\/wp\/v2\/pages\/8\/revisions\/9001"}],"wp:attachment":[{"href":"https:\/\/lesparqueteurs.net\/index.php?rest_route=%2Fwp%2Fv2%2Fmedia&parent=8"}],"curies":[{"name":"wp","href":"https:\/\/api.w.org\/{rel}","templated":true}]}}

Pose de parquet Intérieur/Extérieur

<div class="wpb-content-wrapper"><p>[vc_row][vc_column][vc_column_text]</p>
<div class="style-313 style-local-8-c1 position-relative" data-colibri-id="8-c1">
<div id="portfolio" class="h-section h-section-global-spacing d-flex align-items-lg-center align-items-md-center align-items-center style-318 style-local-8-c2 position-relative" data-colibri-component="section" data-colibri-id="8-c2">
<div class="h-section-grid-container h-section-boxed-container">
<div class="h-row-container gutters-row-lg-2 gutters-row-md-2 gutters-row-2 gutters-row-v-lg-2 gutters-row-v-md-2 gutters-row-v-2 style-341 style-local-8-c16 position-relative" data-colibri-id="8-c16">
<div class="h-row justify-content-lg-center justify-content-md-center justify-content-center align-items-lg-stretch align-items-md-stretch align-items-stretch gutters-col-lg-2 gutters-col-md-2 gutters-col-2 gutters-col-v-lg-2 gutters-col-v-md-2 gutters-col-v-2">
<div class="h-column h-column-container d-flex h-col-lg-auto h-col-md-auto h-col-auto style-342-outer style-local-8-c17-outer">
<div class="d-flex h-flex-basis h-column__inner h-px-lg-2 h-px-md-2 h-px-2 v-inner-lg-2 v-inner-md-2 v-inner-2 style-342 style-local-8-c17 position-relative" data-colibri-id="8-c17">
<div class="w-100 h-y-container h-column__content h-column__v-align flex-basis-100 align-self-lg-start align-self-md-start align-self-start">
<div class="h-global-transition-all h-heading style-343 style-local-8-c18 position-relative h-element" data-colibri-id="8-c18">
<div class="h-heading__outer style-343 style-local-8-c18">
<h2 class="" style="text-align: center;">Pose de parquet</h2>
<p style="text-align: center;">Intérieur &amp; Extérieur</p>
</div>
</div>
<div class="h-lead h-text h-text-component style-344 style-local-8-c19 position-relative h-element" data-colibri-id="8-c19">
<div class="">
<p>Chez Les Parqueteurs, nous maîtrisons l&rsquo;art de sublimer vos espaces de vie grâce à notre expertise en pose de parquet, tant pour les intérieurs raffinés que pour les extérieurs élégants. Notre savoir-faire nous permet de vous offrir<br />
des solutions sur mesure, adaptées à chaque ambiance et à chaque besoin.</p>
<p style="text-align: center;"><strong style="font-weight: 600; color: var(--tw-prose-bold);">Intérieur :</strong></p>
<p>Notre équipe d&rsquo;experts transforme vos pièces en espaces chaleureux et accueillants, avec des parquets intérieurs de haute qualité qui allient esthétique et durabilité. Que vous optiez pour un style classique ou moderne, nous veillons<br />
à ce que chaque installation reflète votre personnalité et améliore le confort de votre habitat.</p>
<p style="text-align: center;"><strong style="font-weight: 600; color: var(--tw-prose-bold);">Extérieur :</strong></p>
<p>Nous étendons notre passion du bois aux terrasses, jardins et autres espaces extérieurs. Nos parquets extérieurs sont conçus pour résister aux variations climatiques tout en apportant une touche d&rsquo;élégance naturelle à votre environnement<br />
extérieur. Laissez-nous créer pour vous un espace extérieur invitant et stylé, parfait pour vos moments de détente et de convivialité.</p>
<p style="text-align: center;"><strong style="font-weight: 600; color: var(--tw-prose-bold);">Nos Réalisations :</strong></p>
<p>Chaque projet est une nouvelle aventure et un défi que nous sommes fiers de relever. Découvrez quelques-unes réalisations de nos phares, témoignant de notre engagement à offrir excellence et satisfaction à nos clients.</p>
</div>
</div>
</div>
</div>
</div>
</div>
</div>
</div>
</div>
</div>
<p>[/vc_column_text][vc_gallery interval= »3&Prime; images= »8933,8928,8921,8913,8917,8902,8883,8881&Prime; img_size= »medium » title= »Parquet intérieur &amp; extérieur » css= ».vc_custom_1714814428195{margin-top: 50px !important;margin-right: 50px !important;margin-bottom: 50px !important;margin-left: 50px !important;} »][/vc_column][/vc_row]</p>
</div>

<p>[vc_row][vc_column][vc_column_text] Pose de parquet Intérieur &amp; Extérieur Chez Les Parqueteurs, nous maîtrisons l&rsquo;art de sublimer vos espaces de vie grâce à notre expertise en pose de parquet, tant pour les intérieurs raffinés que pour les extérieurs élégants. Notre savoir-faire nous permet de vous offrir des&#8230;</p>
