{"id":205,"date":"2019-02-28T14:19:37","date_gmt":"2019-02-28T13:19:37","guid":{"rendered":"http:\/\/lesparqueteurs.fr\/?page_id=205"},"modified":"2019-05-20T07:06:56","modified_gmt":"2019-05-20T05:06:56","slug":"chantiers","status":"publish","type":"page","link":"https:\/\/lesparqueteurs.net\/?page_id=205","title":{"rendered":"Chantiers"},"content":{"rendered":"\n<p>Les parqueteurs, Cr\u00e9ateur d&rsquo;ambiance install\u00e9s en plein centre de Nice depuis 2014 sont une entreprise familiale avec une \u00e9quipe forte de ses exp\u00e9riences pass\u00e9es.<\/p>\n\n\n\n<figure class=\"wp-block-image is-resized\"><img loading=\"lazy\" decoding=\"async\" src=\"http:\/\/lesparqueteurs.fr\/wp-content\/uploads\/2019\/02\/vitrif.jpeg\" alt=\"\" class=\"wp-image-206\" width=\"663\" height=\"1178\" srcset=\"https:\/\/lesparqueteurs.net\/wp-content\/uploads\/2019\/02\/vitrif.jpeg 450w, https:\/\/lesparqueteurs.net\/wp-content\/uploads\/2019\/02\/vitrif-169x300.jpeg 169w\" sizes=\"(max-width: 663px) 100vw, 663px\" \/><\/figure>\n\n\n\n<figure class=\"wp-block-image is-resized\"><img loading=\"lazy\" decoding=\"async\" src=\"http:\/\/lesparqueteurs.fr\/wp-content\/uploads\/2019\/02\/colle.jpeg\" alt=\"\" class=\"wp-image-207\" width=\"656\" height=\"875\" srcset=\"https:\/\/lesparqueteurs.net\/wp-content\/uploads\/2019\/02\/colle.jpeg 600w, https:\/\/lesparqueteurs.net\/wp-content\/uploads\/2019\/02\/colle-225x300.jpeg 225w\" sizes=\"(max-width: 656px) 100vw, 656px\" \/><\/figure>\n\n\n\n<figure class=\"wp-block-image is-resized\"><img loading=\"lazy\" decoding=\"async\" src=\"http:\/\/lesparqueteurs.fr\/wp-content\/uploads\/2019\/02\/poncer.jpeg\" alt=\"\" class=\"wp-image-208\" width=\"660\" height=\"880\" srcset=\"https:\/\/lesparqueteurs.net\/wp-content\/uploads\/2019\/02\/poncer.jpeg 600w, https:\/\/lesparqueteurs.net\/wp-content\/uploads\/2019\/02\/poncer-225x300.jpeg 225w\" sizes=\"(max-width: 660px) 100vw, 660px\" \/><\/figure>\n\n\n\n<figure class=\"wp-block-image is-resized\"><img loading=\"lazy\" decoding=\"async\" src=\"http:\/\/lesparqueteurs.fr\/wp-content\/uploads\/2019\/02\/surface.jpeg\" alt=\"\" class=\"wp-image-209\" width=\"653\" height=\"871\" srcset=\"https:\/\/lesparqueteurs.net\/wp-content\/uploads\/2019\/02\/surface.jpeg 600w, https:\/\/lesparqueteurs.net\/wp-content\/uploads\/2019\/02\/surface-225x300.jpeg 225w\" sizes=\"(max-width: 653px) 100vw, 653px\" \/><\/figure>\n\n\n\n<figure class=\"wp-block-image is-resized\"><img loading=\"lazy\" decoding=\"async\" src=\"http:\/\/lesparqueteurs.fr\/wp-content\/uploads\/2019\/02\/salon.jpeg\" alt=\"\" class=\"wp-image-226\" width=\"652\" height=\"869\" srcset=\"https:\/\/lesparqueteurs.net\/wp-content\/uploads\/2019\/02\/salon.jpeg 600w, https:\/\/lesparqueteurs.net\/wp-content\/uploads\/2019\/02\/salon-225x300.jpeg 225w\" sizes=\"(max-width: 652px) 100vw, 652px\" \/><\/figure>\n\n\n\n<figure class=\"wp-block-image is-resized\"><img loading=\"lazy\" decoding=\"async\" src=\"http:\/\/lesparqueteurs.fr\/wp-content\/uploads\/2019\/02\/ponceuse.jpeg\" alt=\"\" class=\"wp-image-228\" width=\"653\" height=\"871\" srcset=\"https:\/\/lesparqueteurs.net\/wp-content\/uploads\/2019\/02\/ponceuse.jpeg 600w, https:\/\/lesparqueteurs.net\/wp-content\/uploads\/2019\/02\/ponceuse-225x300.jpeg 225w\" sizes=\"(max-width: 653px) 100vw, 653px\" \/><\/figure>\n","protected":false},"excerpt":{"rendered":"<p>Les parqueteurs, Cr\u00e9ateur d&rsquo;ambiance install\u00e9s en plein centre de Nice depuis 2014 sont une entreprise familiale avec une \u00e9quipe forte de ses exp\u00e9riences pass\u00e9es.<\/p>\n","protected":false},"author":2,"featured_media":0,"parent":0,"menu_order":0,"comment_status":"closed","ping_status":"closed","template":"","meta":{"footnotes":""},"_links":{"self":[{"href":"https:\/\/lesparqueteurs.net\/index.php?rest_route=\/wp\/v2\/pages\/205"}],"collection":[{"href":"https:\/\/lesparqueteurs.net\/index.php?rest_route=\/wp\/v2\/pages"}],"about":[{"href":"https:\/\/lesparqueteurs.net\/index.php?rest_route=\/wp\/v2\/types\/page"}],"author":[{"embeddable":true,"href":"https:\/\/lesparqueteurs.net\/index.php?rest_route=\/wp\/v2\/users\/2"}],"replies":[{"embeddable":true,"href":"https:\/\/lesparqueteurs.net\/index.php?rest_route=%2Fwp%2Fv2%2Fcomments&post=205"}],"version-history":[{"count":4,"href":"https:\/\/lesparqueteurs.net\/index.php?rest_route=\/wp\/v2\/pages\/205\/revisions"}],"predecessor-version":[{"id":284,"href":"https:\/\/lesparqueteurs.net\/index.php?rest_route=\/wp\/v2\/pages\/205\/revisions\/284"}],"wp:attachment":[{"href":"https:\/\/lesparqueteurs.net\/index.php?rest_route=%2Fwp%2Fv2%2Fmedia&parent=205"}],"curies":[{"name":"wp","href":"https:\/\/api.w.org\/{rel}","templated":true}]}}