{"id":155,"date":"2019-02-20T13:30:09","date_gmt":"2019-02-20T12:30:09","guid":{"rendered":"http:\/\/lesparqueteurs.fr\/?page_id=155"},"modified":"2019-05-20T07:05:41","modified_gmt":"2019-05-20T05:05:41","slug":"parquet-deco","status":"publish","type":"page","link":"https:\/\/lesparqueteurs.net\/?page_id=155","title":{"rendered":"Parquet D\u00e9co"},"content":{"rendered":"\n<p>Les parqueteurs ont la possibilit\u00e9 de r\u00e9pondre \u00e0 toutes vos demandes de parquet sur mesure.<br><\/p>\n\n\n\n<ul><li>  Essence de bois rare <\/li><li>  Parquet sur mesure <\/li><li>  Teinte sur mesure <\/li><li>  Pose selon calepinage <\/li><\/ul>\n","protected":false},"excerpt":{"rendered":"<p>Les parqueteurs ont la possibilit\u00e9 de r\u00e9pondre \u00e0 toutes vos demandes de parquet sur mesure. Essence de bois rare Parquet sur mesure Teinte sur mesure Pose selon calepinage<\/p>\n","protected":false},"author":2,"featured_media":0,"parent":0,"menu_order":0,"comment_status":"closed","ping_status":"closed","template":"","meta":{"footnotes":""},"_links":{"self":[{"href":"https:\/\/lesparqueteurs.net\/index.php?rest_route=\/wp\/v2\/pages\/155"}],"collection":[{"href":"https:\/\/lesparqueteurs.net\/index.php?rest_route=\/wp\/v2\/pages"}],"about":[{"href":"https:\/\/lesparqueteurs.net\/index.php?rest_route=\/wp\/v2\/types\/page"}],"author":[{"embeddable":true,"href":"https:\/\/lesparqueteurs.net\/index.php?rest_route=\/wp\/v2\/users\/2"}],"replies":[{"embeddable":true,"href":"https:\/\/lesparqueteurs.net\/index.php?rest_route=%2Fwp%2Fv2%2Fcomments&post=155"}],"version-history":[{"count":3,"href":"https:\/\/lesparqueteurs.net\/index.php?rest_route=\/wp\/v2\/pages\/155\/revisions"}],"predecessor-version":[{"id":282,"href":"https:\/\/lesparqueteurs.net\/index.php?rest_route=\/wp\/v2\/pages\/155\/revisions\/282"}],"wp:attachment":[{"href":"https:\/\/lesparqueteurs.net\/index.php?rest_route=%2Fwp%2Fv2%2Fmedia&parent=155"}],"curies":[{"name":"wp","href":"https:\/\/api.w.org\/{rel}","templated":true}]}}