{"id":8932,"date":"2024-05-03T14:22:30","date_gmt":"2024-05-03T12:22:30","guid":{"rendered":"https:\/\/lesparqueteurs.net\/?post_type=fw-portfolio&#038;p=8932"},"modified":"2024-05-03T21:25:30","modified_gmt":"2024-05-03T19:25:30","slug":"contre-colle-3","status":"publish","type":"fw-portfolio","link":"https:\/\/lesparqueteurs.net\/?fw-portfolio=contre-colle-3","title":{"rendered":"Contre coll\u00e9"},"content":{"rendered":"<p>Contre coll\u00e9 &#8211; Relooking &#8211; Voici une jolie maison de 100m2 relook\u00e9 avec du contre coll\u00e9 en ch\u00eane &#8211; verni &#8211; blanchi &#8211; aspect bois brut pos\u00e9, coll\u00e9 sur les hauteurs de nice .<\/p>\n","protected":false},"featured_media":8933,"comment_status":"closed","ping_status":"closed","template":"","fw-portfolio-category":[46],"fw-portfolio-tag":[],"_links":{"self":[{"href":"https:\/\/lesparqueteurs.net\/index.php?rest_route=\/wp\/v2\/fw-portfolio\/8932"}],"collection":[{"href":"https:\/\/lesparqueteurs.net\/index.php?rest_route=\/wp\/v2\/fw-portfolio"}],"about":[{"href":"https:\/\/lesparqueteurs.net\/index.php?rest_route=\/wp\/v2\/types\/fw-portfolio"}],"replies":[{"embeddable":true,"href":"https:\/\/lesparqueteurs.net\/index.php?rest_route=%2Fwp%2Fv2%2Fcomments&post=8932"}],"version-history":[{"count":1,"href":"https:\/\/lesparqueteurs.net\/index.php?rest_route=\/wp\/v2\/fw-portfolio\/8932\/revisions"}],"predecessor-version":[{"id":8936,"href":"https:\/\/lesparqueteurs.net\/index.php?rest_route=\/wp\/v2\/fw-portfolio\/8932\/revisions\/8936"}],"wp:featuredmedia":[{"embeddable":true,"href":"https:\/\/lesparqueteurs.net\/index.php?rest_route=\/wp\/v2\/media\/8933"}],"wp:attachment":[{"href":"https:\/\/lesparqueteurs.net\/index.php?rest_route=%2Fwp%2Fv2%2Fmedia&parent=8932"}],"wp:term":[{"taxonomy":"fw-portfolio-category","embeddable":true,"href":"https:\/\/lesparqueteurs.net\/index.php?rest_route=%2Fwp%2Fv2%2Ffw-portfolio-category&post=8932"},{"taxonomy":"fw-portfolio-tag","embeddable":true,"href":"https:\/\/lesparqueteurs.net\/index.php?rest_route=%2Fwp%2Fv2%2Ffw-portfolio-tag&post=8932"}],"curies":[{"name":"wp","href":"https:\/\/api.w.org\/{rel}","templated":true}]}}

Contre collé

<p>Contre collé &#8211; Relooking &#8211; Voici une jolie maison de 100m2 relooké avec du contre collé en chêne &#8211; verni &#8211; blanchi &#8211; aspect bois brut posé, collé sur les hauteurs de nice .</p>
